{"id":10061,"date":"2024-08-29T19:21:01","date_gmt":"2024-08-29T17:21:01","guid":{"rendered":"https:\/\/www.kontekst.info\/?page_id=10061"},"modified":"2024-10-18T16:18:31","modified_gmt":"2024-10-18T14:18:31","slug":"sodexo","status":"publish","type":"page","link":"https:\/\/www.kontekst.info\/index.php\/zastosowanie-automatow-sprzedajacych\/automaty-vendingowe-w-biurach\/sodexo\/","title":{"rendered":"Sodexo"},"content":{"rendered":"<div class=\"wpb-content-wrapper\"><p>[vc_row full_width=&#8221;stretch_row&#8221; css=&#8221;.vc_custom_1724777701393{padding-top: 20px !important;padding-bottom: 10px !important;background-color: #ffffff !important;}&#8221; woodmart_css_id=&#8221;66ce04dbdc426&#8243; responsive_spacing=&#8221;eyJwYXJhbV90eXBlIjoid29vZG1hcnRfcmVzcG9uc2l2ZV9zcGFjaW5nIiwic2VsZWN0b3JfaWQiOiI2NmNlMDRkYmRjNDI2Iiwic2hvcnRjb2RlIjoidmNfcm93IiwiZGF0YSI6eyJ0YWJsZXQiOnsibWFyZ2luLWJvdHRvbSI6IjcwcHgifSwibW9iaWxlIjp7Im1hcmdpbi1ib3R0b20iOiI1MHB4In19fQ==&#8221; mobile_bg_img_hidden=&#8221;no&#8221; tablet_bg_img_hidden=&#8221;no&#8221; woodmart_parallax=&#8221;0&#8243; woodmart_gradient_switch=&#8221;no&#8221; row_reverse_mobile=&#8221;0&#8243; row_reverse_tablet=&#8221;0&#8243; woodmart_disable_overflow=&#8221;0&#8243; woodmart_box_shadow=&#8221;no&#8221; wd_z_index=&#8221;no&#8221;][vc_column width=&#8221;2\/5&#8243; css=&#8221;.vc_custom_1500719067312{padding-top: 0px !important;}&#8221;]\t\t<div id=\"wd-66d0adb594d4b\" class=\"wd-image wd-wpb wd-rs-66d0adb594d4b text-left \">\n\t\t\t\n\t\t\t<img loading=\"lazy\" decoding=\"async\" width=\"672\" height=\"502\" src=\"https:\/\/www.kontekst.info\/wp-content\/uploads\/2024\/08\/Sodexo-Szwecja.jpg\" class=\"attachment-full size-full\" alt=\"\" srcset=\"https:\/\/www.kontekst.info\/wp-content\/uploads\/2024\/08\/Sodexo-Szwecja.jpg 672w, https:\/\/www.kontekst.info\/wp-content\/uploads\/2024\/08\/Sodexo-Szwecja-400x300.jpg 400w\" sizes=\"auto, (max-width: 672px) 100vw, 672px\" \/>\n\t\t\t\t\t<\/div>\n\t\t[\/vc_column][vc_column width=&#8221;3\/5&#8243; woodmart_css_id=&#8221;66cf3c1120dc3&#8243; parallax_scroll=&#8221;no&#8221; woodmart_sticky_column=&#8221;false&#8221; wd_collapsible_content_switcher=&#8221;no&#8221; wd_column_role_offcanvas_desktop=&#8221;no&#8221; wd_column_role_offcanvas_tablet=&#8221;no&#8221; wd_column_role_offcanvas_mobile=&#8221;no&#8221; wd_column_role_content_desktop=&#8221;no&#8221; wd_column_role_content_tablet=&#8221;no&#8221; wd_column_role_content_mobile=&#8221;no&#8221; mobile_bg_img_hidden=&#8221;no&#8221; tablet_bg_img_hidden=&#8221;no&#8221; woodmart_parallax=&#8221;0&#8243; woodmart_box_shadow=&#8221;no&#8221; responsive_spacing=&#8221;eyJwYXJhbV90eXBlIjoid29vZG1hcnRfcmVzcG9uc2l2ZV9zcGFjaW5nIiwic2VsZWN0b3JfaWQiOiI2NmNmM2MxMTIwZGMzIiwic2hvcnRjb2RlIjoidmNfY29sdW1uIiwiZGF0YSI6eyJ0YWJsZXQiOnt9LCJtb2JpbGUiOnt9fX0=&#8221; mobile_reset_margin=&#8221;no&#8221; tablet_reset_margin=&#8221;no&#8221; wd_z_index=&#8221;no&#8221;]\t\t<div id=\"wd-66d0adca815c6\" class=\"wd-text-block wd-wpb reset-last-child wd-rs-66d0adca815c6 text-left wd-fontsize-s vc_custom_1724952059119\">\n\t\t\t<h3>Sodexo jest \u015bwiatowym liderem us\u0142ug zarz\u0105dzania \u017cywno\u015bci\u0105 i obiektami.<\/h3>\n<p style=\"text-align: justify;\">Sodexo zatrudnia oko\u0142o 400 000 pracownik\u00f3w na ca\u0142ym \u015bwiecie. Firma \u015bwiadczy us\u0142ugi w sektorze korporacyjnym, opieki zdrowotnej i edukacji. Od ponad 20 lat Sodexo zarz\u0105dza m.in. restauracj\u0105 w biurowcu Stora Enso w Falun w Szwecji. W zwi\u0105zku z wybuchem pandemii COVID-19 i przej\u015bciem znacznej cz\u0119\u015bci pracownik\u00f3w tego biura na hybrydowy model pracy, konieczne sta\u0142o si\u0119 tak\u017ce ograniczenie liczby pracownik\u00f3w restauracji. To z kolei utrudni\u0142o utrzymanie wysokiej jako\u015bci us\u0142ug, szczeg\u00f3lnie w godzinach popo\u0142udniowych i wieczorowych. Tym bardziej, \u017ce wi\u0119kszy odsetek pracownik\u00f3w przeszed\u0142 na prac\u0119 w\u0142a\u015bnie o tych porach.<\/p>\n\t\t<\/div>\n\t\t[\/vc_column][\/vc_row][vc_row full_width=&#8221;stretch_row&#8221; css=&#8221;.vc_custom_1724857425832{margin-bottom: 30px !important;padding-top: 20px !important;padding-bottom: 10px !important;background-color: #ffffff !important;}&#8221; woodmart_css_id=&#8221;66cf3c4b5b67b&#8221; responsive_spacing=&#8221;eyJwYXJhbV90eXBlIjoid29vZG1hcnRfcmVzcG9uc2l2ZV9zcGFjaW5nIiwic2VsZWN0b3JfaWQiOiI2NmNmM2M0YjViNjdiIiwic2hvcnRjb2RlIjoidmNfcm93IiwiZGF0YSI6eyJ0YWJsZXQiOnsibWFyZ2luLWJvdHRvbSI6IjcwcHgifSwibW9iaWxlIjp7Im1hcmdpbi1ib3R0b20iOiI1MHB4In19fQ==&#8221; mobile_bg_img_hidden=&#8221;no&#8221; tablet_bg_img_hidden=&#8221;no&#8221; woodmart_parallax=&#8221;0&#8243; woodmart_gradient_switch=&#8221;no&#8221; row_reverse_mobile=&#8221;0&#8243; row_reverse_tablet=&#8221;0&#8243; woodmart_disable_overflow=&#8221;0&#8243; woodmart_box_shadow=&#8221;no&#8221; wd_z_index=&#8221;no&#8221;][vc_column css=&#8221;.vc_custom_1500719067312{padding-top: 0px !important;}&#8221;]\t\t<div id=\"wd-67126e159289a\" class=\"wd-text-block wd-wpb reset-last-child wd-rs-67126e159289a text-left wd-fontsize-s vc_custom_1729261101067\">\n\t\t\t<h3>Lod\u00f3wka Selfly Fridge<\/h3>\n<p style=\"text-align: justify;\">Rozwi\u0105zaniem okaza\u0142o si\u0119 wykorzystanie automatu Selfly Fridge. Umo\u017cliwi\u0142 on wygodniejszy dost\u0119p do jedzenia i napoj\u00f3w, szczeg\u00f3lnie poza godzinami pracy restauracji. Z automatu sprzedawane s\u0105 kanapki, napoje i przek\u0105ski oraz inne produkty dobrane odpowiednio do preferencji pracownik\u00f3w. Te mo\u017cna by\u0142o pozna\u0107 m.in. dzi\u0119ki mo\u017cliwo\u015bci zdalnego monitorowania stanu zapas\u00f3w i sprzeda\u017cy. Jak zauwa\u017ca Thomas Lehto &#8211; szef restauracji &#8211; &#8222;Inteligentny automat sprzedaj\u0105cy Selfly Store jest przyjazny dla operatora.<\/p>\n<p style=\"text-align: justify;\">Otworzysz drzwi za pomoc\u0105 telefonu i z \u0142atwo\u015bci\u0105 uzupe\u0142nisz go, co jest o wiele \u0142atwiejsze ni\u017c manipulacje spiralami tradycyjnych automat\u00f3w vendingowych. Dla konsument\u00f3w cenna jest mo\u017cliwo\u015bci fizycznego sprawdzenia produkt\u00f3w przed zakupem.&#8221; Przeczytaj wi\u0119cej o podniesieniu produktywno\u015bci i zadowolenia pracownik\u00f3w oraz innych korzy\u015bciach z ustawienia <strong><a href=\"\/index.php\/zastosowanie-automatow-sprzedajacych\/automaty-vendingowe-w-biurach\/\">automat\u00f3w vendingowych w biurach.<\/a>\u00a0<\/strong>My\u015blisz o automacie vendingowym do swojego biura?<a href=\"\/index.php\/kontakt\/\"><strong> Skontaktuj si\u0119 z nami. <\/strong><\/a><\/p>\n\t\t<\/div>\n\t\t[\/vc_column][\/vc_row]<\/p>\n<\/div>","protected":false},"excerpt":{"rendered":"<p>[vc_row full_width=&#8221;stretch_row&#8221; css=&#8221;.vc_custom_1724777701393{padding-top: 20px !important;padding-bottom: 10px !important;background-color: #ffffff !important;}&#8221; woodmart_css_id=&#8221;66ce04dbdc426&#8243; responsive_spacing=&#8221;eyJwYXJhbV90eXBlIjoid29vZG1hcnRfcmVzcG9uc2l2ZV9zcGFjaW5nIiwic2VsZWN0b3JfaWQiOiI2NmNlMDRkYmRjNDI2Iiwic2hvcnRjb2RlIjoidmNfcm93IiwiZGF0YSI6eyJ0YWJsZXQiOnsibWFyZ2luLWJvdHRvbSI6IjcwcHgifSwibW9iaWxlIjp7Im1hcmdpbi1ib3R0b20iOiI1MHB4In19fQ==&#8221; mobile_bg_img_hidden=&#8221;no&#8221; tablet_bg_img_hidden=&#8221;no&#8221; woodmart_parallax=&#8221;0&#8243; woodmart_gradient_switch=&#8221;no&#8221; row_reverse_mobile=&#8221;0&#8243; row_reverse_tablet=&#8221;0&#8243; woodmart_disable_overflow=&#8221;0&#8243; woodmart_box_shadow=&#8221;no&#8221; wd_z_index=&#8221;no&#8221;][vc_column<\/p>\n","protected":false},"author":2,"featured_media":9978,"parent":10483,"menu_order":4,"comment_status":"closed","ping_status":"closed","template":"","meta":{"footnotes":""},"class_list":["post-10061","page","type-page","status-publish","has-post-thumbnail","hentry"],"yoast_head":"<!-- This site is optimized with the Yoast SEO plugin v27.3 - https:\/\/yoast.com\/product\/yoast-seo-wordpress\/ -->\n<title>Sodexo - Kontekst | Wykorzystanie Lod\u00f3wka Selfly Fridge w firmie Sodexo<\/title>\n<meta name=\"description\" content=\"Lod\u00f3wka Selfly Fridge w Sodexo. Dost\u0119p do jedzenia i napoj\u00f3w, poza godzinami pracy restauracji. Sprzedawane s\u0105 kanapki, napoje i przek\u0105ski...\" \/>\n<meta name=\"robots\" content=\"index, follow, max-snippet:-1, max-image-preview:large, max-video-preview:-1\" \/>\n<link rel=\"canonical\" href=\"https:\/\/www.kontekst.info\/index.php\/zastosowanie-automatow-sprzedajacych\/automaty-vendingowe-w-biurach\/sodexo\/\" \/>\n<meta property=\"og:locale\" content=\"pl_PL\" \/>\n<meta property=\"og:type\" content=\"article\" \/>\n<meta property=\"og:title\" content=\"Sodexo - Kontekst | Wykorzystanie Lod\u00f3wka Selfly Fridge w firmie Sodexo\" \/>\n<meta property=\"og:description\" content=\"Lod\u00f3wka Selfly Fridge w Sodexo. Dost\u0119p do jedzenia i napoj\u00f3w, poza godzinami pracy restauracji. Sprzedawane s\u0105 kanapki, napoje i przek\u0105ski...\" \/>\n<meta property=\"og:url\" content=\"https:\/\/www.kontekst.info\/index.php\/zastosowanie-automatow-sprzedajacych\/automaty-vendingowe-w-biurach\/sodexo\/\" \/>\n<meta property=\"og:site_name\" content=\"Kontekst\" \/>\n<meta property=\"article:modified_time\" content=\"2024-10-18T14:18:31+00:00\" \/>\n<meta property=\"og:image\" content=\"https:\/\/www.kontekst.info\/wp-content\/uploads\/2024\/08\/Sodexo-Szwecja.jpg\" \/>\n\t<meta property=\"og:image:width\" content=\"672\" \/>\n\t<meta property=\"og:image:height\" content=\"502\" \/>\n\t<meta property=\"og:image:type\" content=\"image\/jpeg\" \/>\n<meta name=\"twitter:card\" content=\"summary_large_image\" \/>\n<meta name=\"twitter:label1\" content=\"Szacowany czas czytania\" \/>\n\t<meta name=\"twitter:data1\" content=\"3 minuty\" \/>\n<script type=\"application\/ld+json\" class=\"yoast-schema-graph\">{\"@context\":\"https:\\\/\\\/schema.org\",\"@graph\":[{\"@type\":\"WebPage\",\"@id\":\"https:\\\/\\\/www.kontekst.info\\\/index.php\\\/zastosowanie-automatow-sprzedajacych\\\/automaty-vendingowe-w-biurach\\\/sodexo\\\/\",\"url\":\"https:\\\/\\\/www.kontekst.info\\\/index.php\\\/zastosowanie-automatow-sprzedajacych\\\/automaty-vendingowe-w-biurach\\\/sodexo\\\/\",\"name\":\"Sodexo - Kontekst | Wykorzystanie Lod\u00f3wka Selfly Fridge w firmie Sodexo\",\"isPartOf\":{\"@id\":\"https:\\\/\\\/www.kontekst.info\\\/#website\"},\"primaryImageOfPage\":{\"@id\":\"https:\\\/\\\/www.kontekst.info\\\/index.php\\\/zastosowanie-automatow-sprzedajacych\\\/automaty-vendingowe-w-biurach\\\/sodexo\\\/#primaryimage\"},\"image\":{\"@id\":\"https:\\\/\\\/www.kontekst.info\\\/index.php\\\/zastosowanie-automatow-sprzedajacych\\\/automaty-vendingowe-w-biurach\\\/sodexo\\\/#primaryimage\"},\"thumbnailUrl\":\"https:\\\/\\\/www.kontekst.info\\\/wp-content\\\/uploads\\\/2024\\\/08\\\/Sodexo-Szwecja.jpg\",\"datePublished\":\"2024-08-29T17:21:01+00:00\",\"dateModified\":\"2024-10-18T14:18:31+00:00\",\"description\":\"Lod\u00f3wka Selfly Fridge w Sodexo. Dost\u0119p do jedzenia i napoj\u00f3w, poza godzinami pracy restauracji. Sprzedawane s\u0105 kanapki, napoje i przek\u0105ski...\",\"breadcrumb\":{\"@id\":\"https:\\\/\\\/www.kontekst.info\\\/index.php\\\/zastosowanie-automatow-sprzedajacych\\\/automaty-vendingowe-w-biurach\\\/sodexo\\\/#breadcrumb\"},\"inLanguage\":\"pl-PL\",\"potentialAction\":[{\"@type\":\"ReadAction\",\"target\":[\"https:\\\/\\\/www.kontekst.info\\\/index.php\\\/zastosowanie-automatow-sprzedajacych\\\/automaty-vendingowe-w-biurach\\\/sodexo\\\/\"]}]},{\"@type\":\"ImageObject\",\"inLanguage\":\"pl-PL\",\"@id\":\"https:\\\/\\\/www.kontekst.info\\\/index.php\\\/zastosowanie-automatow-sprzedajacych\\\/automaty-vendingowe-w-biurach\\\/sodexo\\\/#primaryimage\",\"url\":\"https:\\\/\\\/www.kontekst.info\\\/wp-content\\\/uploads\\\/2024\\\/08\\\/Sodexo-Szwecja.jpg\",\"contentUrl\":\"https:\\\/\\\/www.kontekst.info\\\/wp-content\\\/uploads\\\/2024\\\/08\\\/Sodexo-Szwecja.jpg\",\"width\":672,\"height\":502},{\"@type\":\"BreadcrumbList\",\"@id\":\"https:\\\/\\\/www.kontekst.info\\\/index.php\\\/zastosowanie-automatow-sprzedajacych\\\/automaty-vendingowe-w-biurach\\\/sodexo\\\/#breadcrumb\",\"itemListElement\":[{\"@type\":\"ListItem\",\"position\":1,\"name\":\"Strona g\u0142\u00f3wna\",\"item\":\"https:\\\/\\\/www.kontekst.info\\\/\"},{\"@type\":\"ListItem\",\"position\":2,\"name\":\"Zastosowanie automat\u00f3w sprzedaj\u0105cych\",\"item\":\"https:\\\/\\\/www.kontekst.info\\\/index.php\\\/zastosowanie-automatow-sprzedajacych\\\/\"},{\"@type\":\"ListItem\",\"position\":3,\"name\":\"Automaty vendingowe w biurach\",\"item\":\"https:\\\/\\\/www.kontekst.info\\\/index.php\\\/zastosowanie-automatow-sprzedajacych\\\/automaty-vendingowe-w-biurach\\\/\"},{\"@type\":\"ListItem\",\"position\":4,\"name\":\"Sodexo\"}]},{\"@type\":\"WebSite\",\"@id\":\"https:\\\/\\\/www.kontekst.info\\\/#website\",\"url\":\"https:\\\/\\\/www.kontekst.info\\\/\",\"name\":\"Kontekst\",\"description\":\"Autoryzowany dystrybutor Selflystore w Polsce\",\"publisher\":{\"@id\":\"https:\\\/\\\/www.kontekst.info\\\/#organization\"},\"potentialAction\":[{\"@type\":\"SearchAction\",\"target\":{\"@type\":\"EntryPoint\",\"urlTemplate\":\"https:\\\/\\\/www.kontekst.info\\\/?s={search_term_string}\"},\"query-input\":{\"@type\":\"PropertyValueSpecification\",\"valueRequired\":true,\"valueName\":\"search_term_string\"}}],\"inLanguage\":\"pl-PL\"},{\"@type\":\"Organization\",\"@id\":\"https:\\\/\\\/www.kontekst.info\\\/#organization\",\"name\":\"Kontekst\",\"url\":\"https:\\\/\\\/www.kontekst.info\\\/\",\"logo\":{\"@type\":\"ImageObject\",\"inLanguage\":\"pl-PL\",\"@id\":\"https:\\\/\\\/www.kontekst.info\\\/#\\\/schema\\\/logo\\\/image\\\/\",\"url\":\"https:\\\/\\\/www.kontekst.info\\\/wp-content\\\/uploads\\\/2024\\\/09\\\/Kontekst-logo_Selfly-Store-dark-AD.svg\",\"contentUrl\":\"https:\\\/\\\/www.kontekst.info\\\/wp-content\\\/uploads\\\/2024\\\/09\\\/Kontekst-logo_Selfly-Store-dark-AD.svg\",\"width\":520,\"height\":180,\"caption\":\"Kontekst\"},\"image\":{\"@id\":\"https:\\\/\\\/www.kontekst.info\\\/#\\\/schema\\\/logo\\\/image\\\/\"}}]}<\/script>\n<!-- \/ Yoast SEO plugin. -->","yoast_head_json":{"title":"Sodexo - Kontekst | Wykorzystanie Lod\u00f3wka Selfly Fridge w firmie Sodexo","description":"Lod\u00f3wka Selfly Fridge w Sodexo. Dost\u0119p do jedzenia i napoj\u00f3w, poza godzinami pracy restauracji. Sprzedawane s\u0105 kanapki, napoje i przek\u0105ski...","robots":{"index":"index","follow":"follow","max-snippet":"max-snippet:-1","max-image-preview":"max-image-preview:large","max-video-preview":"max-video-preview:-1"},"canonical":"https:\/\/www.kontekst.info\/index.php\/zastosowanie-automatow-sprzedajacych\/automaty-vendingowe-w-biurach\/sodexo\/","og_locale":"pl_PL","og_type":"article","og_title":"Sodexo - Kontekst | Wykorzystanie Lod\u00f3wka Selfly Fridge w firmie Sodexo","og_description":"Lod\u00f3wka Selfly Fridge w Sodexo. Dost\u0119p do jedzenia i napoj\u00f3w, poza godzinami pracy restauracji. Sprzedawane s\u0105 kanapki, napoje i przek\u0105ski...","og_url":"https:\/\/www.kontekst.info\/index.php\/zastosowanie-automatow-sprzedajacych\/automaty-vendingowe-w-biurach\/sodexo\/","og_site_name":"Kontekst","article_modified_time":"2024-10-18T14:18:31+00:00","og_image":[{"width":672,"height":502,"url":"https:\/\/www.kontekst.info\/wp-content\/uploads\/2024\/08\/Sodexo-Szwecja.jpg","type":"image\/jpeg"}],"twitter_card":"summary_large_image","twitter_misc":{"Szacowany czas czytania":"3 minuty"},"schema":{"@context":"https:\/\/schema.org","@graph":[{"@type":"WebPage","@id":"https:\/\/www.kontekst.info\/index.php\/zastosowanie-automatow-sprzedajacych\/automaty-vendingowe-w-biurach\/sodexo\/","url":"https:\/\/www.kontekst.info\/index.php\/zastosowanie-automatow-sprzedajacych\/automaty-vendingowe-w-biurach\/sodexo\/","name":"Sodexo - Kontekst | Wykorzystanie Lod\u00f3wka Selfly Fridge w firmie Sodexo","isPartOf":{"@id":"https:\/\/www.kontekst.info\/#website"},"primaryImageOfPage":{"@id":"https:\/\/www.kontekst.info\/index.php\/zastosowanie-automatow-sprzedajacych\/automaty-vendingowe-w-biurach\/sodexo\/#primaryimage"},"image":{"@id":"https:\/\/www.kontekst.info\/index.php\/zastosowanie-automatow-sprzedajacych\/automaty-vendingowe-w-biurach\/sodexo\/#primaryimage"},"thumbnailUrl":"https:\/\/www.kontekst.info\/wp-content\/uploads\/2024\/08\/Sodexo-Szwecja.jpg","datePublished":"2024-08-29T17:21:01+00:00","dateModified":"2024-10-18T14:18:31+00:00","description":"Lod\u00f3wka Selfly Fridge w Sodexo. Dost\u0119p do jedzenia i napoj\u00f3w, poza godzinami pracy restauracji. Sprzedawane s\u0105 kanapki, napoje i przek\u0105ski...","breadcrumb":{"@id":"https:\/\/www.kontekst.info\/index.php\/zastosowanie-automatow-sprzedajacych\/automaty-vendingowe-w-biurach\/sodexo\/#breadcrumb"},"inLanguage":"pl-PL","potentialAction":[{"@type":"ReadAction","target":["https:\/\/www.kontekst.info\/index.php\/zastosowanie-automatow-sprzedajacych\/automaty-vendingowe-w-biurach\/sodexo\/"]}]},{"@type":"ImageObject","inLanguage":"pl-PL","@id":"https:\/\/www.kontekst.info\/index.php\/zastosowanie-automatow-sprzedajacych\/automaty-vendingowe-w-biurach\/sodexo\/#primaryimage","url":"https:\/\/www.kontekst.info\/wp-content\/uploads\/2024\/08\/Sodexo-Szwecja.jpg","contentUrl":"https:\/\/www.kontekst.info\/wp-content\/uploads\/2024\/08\/Sodexo-Szwecja.jpg","width":672,"height":502},{"@type":"BreadcrumbList","@id":"https:\/\/www.kontekst.info\/index.php\/zastosowanie-automatow-sprzedajacych\/automaty-vendingowe-w-biurach\/sodexo\/#breadcrumb","itemListElement":[{"@type":"ListItem","position":1,"name":"Strona g\u0142\u00f3wna","item":"https:\/\/www.kontekst.info\/"},{"@type":"ListItem","position":2,"name":"Zastosowanie automat\u00f3w sprzedaj\u0105cych","item":"https:\/\/www.kontekst.info\/index.php\/zastosowanie-automatow-sprzedajacych\/"},{"@type":"ListItem","position":3,"name":"Automaty vendingowe w biurach","item":"https:\/\/www.kontekst.info\/index.php\/zastosowanie-automatow-sprzedajacych\/automaty-vendingowe-w-biurach\/"},{"@type":"ListItem","position":4,"name":"Sodexo"}]},{"@type":"WebSite","@id":"https:\/\/www.kontekst.info\/#website","url":"https:\/\/www.kontekst.info\/","name":"Kontekst","description":"Autoryzowany dystrybutor Selflystore w Polsce","publisher":{"@id":"https:\/\/www.kontekst.info\/#organization"},"potentialAction":[{"@type":"SearchAction","target":{"@type":"EntryPoint","urlTemplate":"https:\/\/www.kontekst.info\/?s={search_term_string}"},"query-input":{"@type":"PropertyValueSpecification","valueRequired":true,"valueName":"search_term_string"}}],"inLanguage":"pl-PL"},{"@type":"Organization","@id":"https:\/\/www.kontekst.info\/#organization","name":"Kontekst","url":"https:\/\/www.kontekst.info\/","logo":{"@type":"ImageObject","inLanguage":"pl-PL","@id":"https:\/\/www.kontekst.info\/#\/schema\/logo\/image\/","url":"https:\/\/www.kontekst.info\/wp-content\/uploads\/2024\/09\/Kontekst-logo_Selfly-Store-dark-AD.svg","contentUrl":"https:\/\/www.kontekst.info\/wp-content\/uploads\/2024\/09\/Kontekst-logo_Selfly-Store-dark-AD.svg","width":520,"height":180,"caption":"Kontekst"},"image":{"@id":"https:\/\/www.kontekst.info\/#\/schema\/logo\/image\/"}}]}},"_links":{"self":[{"href":"https:\/\/www.kontekst.info\/index.php\/wp-json\/wp\/v2\/pages\/10061","targetHints":{"allow":["GET"]}}],"collection":[{"href":"https:\/\/www.kontekst.info\/index.php\/wp-json\/wp\/v2\/pages"}],"about":[{"href":"https:\/\/www.kontekst.info\/index.php\/wp-json\/wp\/v2\/types\/page"}],"author":[{"embeddable":true,"href":"https:\/\/www.kontekst.info\/index.php\/wp-json\/wp\/v2\/users\/2"}],"replies":[{"embeddable":true,"href":"https:\/\/www.kontekst.info\/index.php\/wp-json\/wp\/v2\/comments?post=10061"}],"version-history":[{"count":9,"href":"https:\/\/www.kontekst.info\/index.php\/wp-json\/wp\/v2\/pages\/10061\/revisions"}],"predecessor-version":[{"id":10745,"href":"https:\/\/www.kontekst.info\/index.php\/wp-json\/wp\/v2\/pages\/10061\/revisions\/10745"}],"up":[{"embeddable":true,"href":"https:\/\/www.kontekst.info\/index.php\/wp-json\/wp\/v2\/pages\/10483"}],"wp:featuredmedia":[{"embeddable":true,"href":"https:\/\/www.kontekst.info\/index.php\/wp-json\/wp\/v2\/media\/9978"}],"wp:attachment":[{"href":"https:\/\/www.kontekst.info\/index.php\/wp-json\/wp\/v2\/media?parent=10061"}],"curies":[{"name":"wp","href":"https:\/\/api.w.org\/{rel}","templated":true}]}}